3. Let k be r(-19). Give b(k).
3
Let j(c) = 6*c + 0*c - 7 - c**2 + c + 0*c. Give j(5).
3
Let c = 4 + -9. Let o = c + 7. Let w(y) = 0*y**o + y**2 - 2 - 2. What is w(0)?
-4
Let u = 4 - 4. Suppose a + u*a + 7 = -2*l, 9 = -3*l - 2*a. Let m(x) = -x**3 - 6*x**2 - 5*x - 2. Calculate m(l).
-2
Let b(d) = d - 1. Let a = -15 + 19. Determine b(a).
3
Let m(y) = 19*y**2 - 9*y + 9. Suppose -8 = -2*h, -30 = -5*d - 7*h + 2*h. Let l(q) = 5*q + 0 - 4*q**2 - 5 - 6*q**d. Let o(w) = -11*l(w) - 6*m(w). Give o(1).
-4
Let m(d) be the second derivative of d**3/6 + 2*d**2 - d. Let q be (1*(-9)/(-6))/((-1)/2). Give m(q).
1
Let y be 13/5 - 21/35. Let m(q) = -4 - 5*q + q**y + 5 + 3. Determine m(5).
4
Let t(d) = d**2 + 10*d + 1. Let p(b) = -b**3 + b + b**3 - b**2 + b**3 - 10. Let r be p(0). Let n be t(r). Let s(h) = -h. Calculate s(n).
-1
Let j = -19 - -32. Let t = 18 - j. Suppose 5*l - t*c = -6 - 9, -2*c = -8. Let f(a) = 4*a**2 - a + 1. Calculate f(l).
4
Let r = -101 - -101. Let m(u) = u + 7. Let c(p) = 4*p + 21. Let v(b) = -2*c(b) + 7*m(b). What is v(r)?
7
Let b(v) = -2*v**2 - 7*v - 5. Let y = 39 + -43. Determine b(y).
-9
Let s(k) = -3*k**2 - k**3 + 2*k**2 + 2*k + 0*k**2. Let m(n) = -n**2 + 28*n - 29. Let v be m(27). What is s(v)?
0
Let c(k) = -2*k**2 - 11*k + 9. Let m(i) = 3*i**2 + 21*i - 18. Let j(x) = 5*c(x) + 3*m(x). Let p be j(6). Let b(v) = 3 - 7 - p - 4*v + 5*v. Give b(0).
-7
Let g(j) = -j**2 - 1. Let x(r) = 4*r**2 + 8*r + 5. Let v(q) = -3*g(q) - x(q). What is v(-5)?
13
Let v(s) = -11*s**3 + 5*s**2 - 4*s - 7. Let g(x) = 16*x**3 - 8*x**2 + 6*x + 11. Let w(a) = -5*g(a) - 8*v(a). Let m be 5/10*(-2)/1. Calculate w(m).
-9
Let x(r) = 0 - 16*r**3 - 1 - 1 + 17*r**3 - 5*r**2. Suppose -4 = 2*v - 6*v. Let q be (7/(-2) + v)*-2. Determine x(q).
-2
Let t be (-2)/(-7) + 47/7. Suppose 4*f - f - t = -2*m, -f + 5 = 2*m. Let a(i) be the second derivative of -i**4/12 + i**3/6 - i. What is a(m)?
-2
Let l(y) = 2*y + 6. Let h(x) = -5*x - 17. Let a(o) = 3*h(o) + 8*l(o). Determine a(6).
3
Suppose 2 = -t + 7. Let c(y) = y**3 + 5*y**2 + 4*y + 3. Let w be c(-4). Let h(x) = 6*x**2 - x**3 - w*x - 4*x + 0*x**3 + 4 + 0*x**3. What is h(t)?
-6
Let v(s) be the second derivative of s**4/12 - s**3/2 - 2*s**2 - 2*s. What is v(5)?
6
Let a(d) be the third derivative of -d**4/24 - 11*d**3/6 - 2*d**2. Suppose -3*h - 24 = 2*v, 12 = 2*v - 6*v. Calculate a(h).
-5
Let f(m) = 3*m**3 + 8*m**2 - 8*m + 1. Let s(l) = -5*l**3 - 12*l**2 + 12*l - 1. Let u(p) = -8*f(p) - 5*s(p). Determine u(3).
0
Let d(g) = -7*g + 3. Let q(y) = 2*y. Let c(w) = -d(w) - 4*q(w). Give c(6).
-9
Let s(q) = q + 3 - 3 - 4 + 6. Let w be s(-2). Let z(m) = -m**2 + m - 5. Give z(w).
-5
Let a(q) = q**3 - 6*q**2 - 2*q + 5. Let t(v) = -3 + v - 2 + 4 + 7. Let k be t(0). Determine a(k).
-7
Let w(a) = a**3 - 5*a**2 + a + 3. Let x = -139 - -144. Calculate w(x).
8
Suppose -f + 2*f = -8. Let p(n) be the third derivative of n**6/120 + 7*n**5/60 - 3*n**4/8 - 5*n**3/6 + n**2. Determine p(f).
3
Suppose g - 2*a - 15 = 0, 0*a - 20 = -5*g - a. Let p = -24 + 29. Let n = p - g. Let r(b) = b + 4. Give r(n).
4
Let u be 34/10 + (-2)/5. Suppose -7*r + 20 = -u*r. Let q(h) be the first derivative of h**2 - 3*h - 1. Give q(r).
7
Let j(r) be the first derivative of r**2/2 - 3*r + 2. What is j(4)?
1
Let q(v) = v**3 + 3*v**2 + 4*v + 2. Let f be q(-2). Let n(y) be the third derivative of y**6/120 + y**5/60 - y**4/12 + y**2. Give n(f).
0
Let y be 0*(-1 + 5)/(-4). Let c(m) be the first derivative of m**4/4 - m**3/3 + m + 2. Determine c(y).
1
Let h(m) = m + 2. Suppose -x = -v - 7 + 3, x = -3*v + 4. Give h(x).
6
Let f(t) be the third derivative of 4*t**2 + 0 - 1/120*t**6 + 1/8*t**4 + 0*t + 1/30*t**5 + 2/3*t**3. Calculate f(3).
4
Let r(f) be the second derivative of 0 - f**2 - f + 1/15*f**5 - 1/4*f**4 + 1/120*f**6 - 2/3*f**3. Let b(w) be the first derivative of r(w). Determine b(-5).
1
Suppose -1 = w + 4*l + 13, 0 = 2*w + l + 7. Let d be (-3)/(-9) - w/(-6). Suppose d = z - 5. Let i(j) = -j**3 + 4*j**2 + 4*j - 1. Give i(z).
-6
Let o(y) = y - 6. Let w(g) = -1. Let l(h) = o(h) - 3*w(h). Let k = -11 + 19. Suppose -x = x + k. What is l(x)?
-7
Let u(r) = 8 + 3*r - 4 - r + 2. Give u(-4).
-2
Let l(a) = 4 + 0*a + a - 2*a. Let q(j) = j**2 + 9*j + 6. Let b be q(-9). Calculate l(b).
-2
Let c(y) = -y + 8. Let k be c(6). Let h(t) = -t. Let i be h(-6). Let u(n) = n + 6. Let r(z) = -3*z - 17. Let w(d) = i*r(d) + 17*u(d). What is w(k)?
-2
Let p(s) be the first derivative of s**4/4 - s**3 - s**2 + 3*s - 15. Give p(2).
-5
Let k(t) be the third derivative of 0*t + 0 - 2*t**2 - 1/24*t**4 + 7/6*t**3. Let z = 6 + -2. Calculate k(z).
3
Suppose -2*w = -5*f + 32, -4*f + 10 = 5*w - 9. Let n(q) = 2*q**3 - 9*q**3 - 6 + f*q**3. Determine n(0).
-6
Let w(k) = 10*k + 5 + 9 + 6 - 22. What is w(2)?
18
Let x be (0 - -2)*(-9)/(-6). Let p(l) = -8 - 3*l - x*l + 8*l**2 - l**2 - l**3. Give p(6).
-8
Let t(i) = -i - 1. Let b = 1 + -1. Suppose 2*x = -2*y - 2, 3*y + 5*x = -0 - 7. Suppose 6 = -b*h + 2*h, -2*s + h - y = 0. Give t(s).
-2
Let w(y) = -6*y**3 - y**2 - 4*y - 7. Let i(o) = -5*o**3 - o**2 - 3*o - 8. Let s(b) = -5*i(b) + 4*w(b). Give s(0).
12
Let n be -8*-1*(-1)/(-2). Suppose -5*z - 4 = -n*z. Let s(r) = r**2 + 3*r + 4. Calculate s(z).
8
Let o(z) = -8*z**2 + 4*z - z**3 - 4*z + 3*z**2. Let q(c) = c**3 + 9*c**2. Let u(b) = -11*o(b) - 6*q(b). What is u(-1)?
-4
Let w(b) = -b - 6. Let u be w(-8). Let z(f) = -3 + 2*f**2 - f**3 - 2*f + f**u + f. Give z(3).
-6
Let q(d) = -15*d**3 - 2*d**2 + 1. Let p be (6/4)/(3/2). Give q(p).
-16
Let s = -19 + 8. Let n(v) = -26 - 31*v - 4*v**2 - 4*v**2 + 2*v**2. Let l(y) = y**2 + 6*y + 5. Let q(h) = s*l(h) - 2*n(h). Give q(4).
-3
Let r(w) = 5*w**3 + 6*w**2 + 5*w + 7. Let y(f) = 6*f**3 + 7*f**2 + 6*f + 8. Let d(z) = -7*r(z) + 6*y(z). Give d(0).
-1
Let m(y) = y**2 - 3*y + 1. Let c be m(3). Let t(b) = 4*b**2 + 0*b - 3 + b**3 - b + c. Determine t(-4).
2
Let d(s) = -s**2 + 3*s + 2. Let f = 5 - 2. Let t be d(f). Let c(n) = -2*n - 1. Calculate c(t).
-5
Let j(n) be the first derivative of -2/3*n**3 + 1/2*n**2 + 0*n - 4 + 1/4*n**4. Give j(2).
2
Let j(m) = -m**2 + 3*m + 34. Let x be j(8). Let g(s) = -3*s - 5. Calculate g(x).
13
Let w(m) = 3*m**2 - 3*m - 1. Let f(i) = -2*i**2 + 2*i. Let u(x) = 5*f(x) + 4*w(x). Calculate u(3).
8
Let x(d) = 3*d - 2. Let b(c) = c**2 - 9*c + 6. Let o be b(9). Give x(o).
16
Let g = -5 + 4. Let n = g + 5. Let r(c) = -1 + 4 - 4*c - n. Calculate r(-2).
7
Let j(k) be the second derivative of -k**3/6 - 9*k**2/2 + k. Suppose -4*x - 4*i + 2*i = 18, -5*x - 16 = -4*i. What is j(x)?
-5
Suppose 0 = 2*o - 5 - 7. Let u(k) be the first derivative of k**2/2 - 1. Let h(x) = -7*x + 1. Let a(w) = o*u(w) + h(w). Give a(2).
-1
Let d(m) = -m**2 - 3*m + 1. Suppose 4*a + 18 = -2. What is d(a)?
-9
Let c(m) = m - 3. Let f be c(-3). Let s(u) = u**3 + 6*u**2 - u - 3. Let x be s(f). Let z(i) = -i**2 + i - i**2 - i + x*i. What is z(2)?
-2
Let z = -55 - -54. Let x(h) = 23*h**2 + h + 1. Calculate x(z).
23
Let g = 1 + -2. Suppose 2*d + 2 = -4*m - 0, -3*d = 4*m + 7. Let n(c) = c + 3 - 2*c**m - 2 + 6*c**3 + c**2. What is n(g)?
-7
Let t(z) = 2*z - 4. Suppose 5 = -5*s + 15. Let w = s - -3. Determine t(w).
6
Let q(m) be the third derivative of m**6/120 - m**5/20 - m**4/12 - m**3/2 + 10*m**2. What is q(4)?
5
Let z(u) = -u**3 + 3*u**2 + u + 4. Let w(l) = -l**3 - 4*l**2 + 6*l**3 + 5 - 4*l**3. Let k be w(4). Let g = 8 - k. Calculate z(g).
7
Let v be ((-15)/9)/((-25)/90). Let y(t) = -t**2 + 9*t - 8. Give y(v).
10
Let t(b) = 701*b - 1396*b + 7 + 698*b. Let l(v) = -v**2 + 2*v + 3. Let i be l(-2). What is t(i)?
-8
Let c(j) = j - 1. Let p(i) = i**2 + 5*i + 10. Let r(v) = 2*c(v) + p(v). Determine r(-6).
2
Let o = -105 - -109. Let u(t) be the first derivative of t**3/3 - 2*t**2 - 2*t + 1. Let i be u(o). Let r(n) = n**3 - 2*n - 3. Give r(i).
-7
Let p = 2 - 3. Let z = p + 5. Suppose 0*w - 16 = -z*w. Let m(s) = -s**3 + 4*s**2 - 2*s + 3. Calculate m(w).
-5
Let j = -3 + 3. Let r(y) = y + 1. Let c(l) = 5*l - 3. Let o(m) = c(m) - 4*r(m). Determine o(j).
-7
Let a(j) = -j + 2. Let y(z) = -5*z + 7. Let o(n) = 7*a(n) - 2*y(n). Give o(2).
6
Let u(b) = -b**3 - 5*b**2 + 3*b + 7. Suppose -4*m - 5*x + 110 = 0, -2*x = -1 - 3. Suppose 5*n = -5*o + 3*o - 15, -n + 4*o - m = 0. Determine u(n).
-8
Let i = 134 - 133. Let v(k) = -6*k**3 + k*